 of 208 and w.
52
Let q be 45/75 - ((-218016)/40)/1. What is the greatest common factor of 46 and q?
23
Suppose 47*o - 18791 = 4*o. Calculate the highest common divisor of o and 171.
19
Let b(i) = -259*i + 805. Let h be b(3). What is the greatest common factor of 1022 and h?
14
Let s(d) = -d**3 - 13*d**2 - 32*d - 16. Let n be s(-10). Suppose 273 = n*k - 167. What is the greatest common divisor of 165 and k?
55
Let x be -258 + (6/(-4) - (-50)/20). Let n = -347 - 18. Let f = x - n. Calculate the highest common factor of 12 and f.
12
Let o be ((-72)/5)/((-2)/20*2). Suppose 0*n - o = -3*n. Let y = n - 6. What is the highest common divisor of 63 and y?
9
Suppose 6*z = 38*k - 41*k + 690, -2*z = 4*k - 896. Calculate the greatest common divisor of 42180 and k.
222
Let r be 1/(-11 + (9 - (-995)/495)). What is the highest common divisor of r and 2637?
9
Let p(z) = -z**3 - 24*z**2 - 28*z + 75. Let k be p(-23). Suppose 8*i - 894 = -k. Calculate the greatest common factor of i and 396.
44
Let z be 4/(((-35)/(-20))/7). Let j be 54/24 - 4/z. Suppose -j*a - 12 = -166. Calculate the greatest common divisor of a and 7.
7
Let h = 3813 + -363. What is the greatest common divisor of h and 200?
50
Suppose 11*t - 9604 = 3332. Calculate the greatest common factor of 1029 and t.
147
Suppose 0 = -2*l - 5*o + 4941, 678*o = -l + 675*o + 2474. What is the highest common factor of l and 22?
11
Let m be 1 + -6 + (-928)/(-4 - 4). Let g = 113 - m. Let p be 6/(-27) - 654/(-27). Calculate the highest common divisor of g and p.
2
Let u = 206 + -94. Let p = -47 + u. Suppose -4*q + p = -111. Calculate the highest common divisor of 66 and q.
22
Let v(i) = -i**3 + 17*i**2 + 30*i - 31. Let o be v(18). Suppose -5*j - o = -5*n, -3*n + 4*n - 2*j = 39. What is the highest common divisor of n and 7?
7
Suppose -7*i = -9 - 47. Let f be i/14 + (4860/14)/5. What is the highest common factor of 25 and f?
5
Let q(w) = -13*w + 7. Let j(n) = -20*n + 11. Let d(f) = -5*j(f) + 8*q(f). Let l be d(-5). What is the highest common divisor of 21 and l?
21
Let y(k) = k**3 + 34*k**2 + 92*k + 1. Let i be y(-31). Let b = -17 + 29. Calculate the greatest common divisor of i and b.
4
Let a be ((-8)/2)/(21427/(-7140)*2 - -6). Calculate the highest common factor of a and 136.
136
Let p be (-43)/((16 + -12)/(-36)). Calculate the highest common divisor of 430 and p.
43
Let g be ((-15)/9)/((-91)/1092). Calculate the highest common divisor of g and 1510.
10
Let d(p) = -65*p + 1241. Let h be d(19). Calculate the highest common factor of 2031 and h.
3
Let u = 535 + -313. Let l = 232 - u. What is the greatest common divisor of 15 and l?
5
Let p = 0 + -21. Let m be (0 - 8)*(7 - 1). Let y = p - m. What is the highest common factor of 243 and y?
27
Let w be (53 - (-4590)/(-81))*-3*(2 - 1). Calculate the greatest common divisor of w and 49720.
11
Suppose 408*m = 412*m - 144. Calculate the greatest common factor of m and 276.
12
Let g(m) = 29*m**2 - 34*m - 125. Let h be g(-4). What is the greatest common divisor of h and 38?
19
Suppose -9*s + 1076 = 896. Let k(x) = 11*x**2 + 2*x - 1. Let q be k(1). What is the highest common factor of s and q?
4
Suppose 3*k - 5*k + 576 = -0*k. What is the greatest common divisor of 64 and k?
32
Let h = -401 + 406. Suppose -4*k - 6*d + 1312 = -10*d, h*k + 3*d = 1600. Calculate the highest common factor of 19 and k.
19
Let c(w) = 1287*w - 4691. Let o be c(4). Calculate the highest common divisor of o and 2.
1
Suppose 3*w = -4*d - 68, 0 = -5*d + 10*w - 15*w - 90. Let g be (1/(35/d))/(1/(-65)). Suppose 4*m - 5*m = -26. What is the greatest common divisor of m and g?
26
Let h(b) = 739*b**2 + 67*b + 310. Let m be h(-5). Calculate the greatest common divisor of m and 30.
30
Suppose 4*o - 39 = -3. Suppose -o*m + 790 = -614. What is the highest common factor of 52 and m?
52
Let g = 118 + -98. Let x(t) = -13*t - 201. Let k be x(-27). Calculate the greatest common factor of k and g.
10
Suppose 3*f = -0*f + 279. Let y = -847 + 909. What is the highest common factor of f and y?
31
Suppose -97*i + 65 = -92*i. Let q = 225 + 22. What is the greatest common factor of q and i?
13
Let h = 21 + 25. Suppose -u - 5*i + 7 = -51, 49 = 7*i. What is the highest common divisor of u and h?
23
Let n(p) = 49*p**2 + 54*p + 165. Let g be n(7). Calculate the greatest common factor of 115 and g.
23
Let n(m) = -2*m**3 + 2*m**2 + 11*m + 5. Let k(z) = 4*z**3 + 2*z**2 - z - 3. Let r be k(-1). Let u be n(r). Calculate the greatest common factor of 22 and u.
11
Suppose 3*p + 2*g + 23 = 0, -5*p - 3*g = -g + 33. Let k be (-5)/p + -4 + 1. Let u be 26/(-10) - k - 2322/(-45). What is the highest common divisor of 17 and u?
17
Suppose -33333 + 244115 = 319*z + 552*z. Suppose s - 2*k = -3*s + 262, 0 = -5*s - 2*k + 332. Calculate the greatest common divisor of s and z.
22
Let q(b) = 2*b**2 - 181*b - 1258. Let s be q(97). Calculate the greatest common factor of 3 and s.
3
Suppose 0*f + f = -115 + 38802. Calculate the highest common divisor of 11 and f.
11
Let l be (1 - -18)/(2/(-4)). Let m = -38 - l. Suppose -7*n - n + 160 = m. What is the greatest common divisor of n and 2?
2
Let h(j) = j**3 + 7*j**2 - 36*j - 54. Let k be h(-7). Let f = -20 + 29. Calculate the greatest common factor of k and f.
9
Let p(t) be the second derivative of 59*t**4/12 - t**3/3 + 8*t. Let n be p(1). Suppose 2*h - 81 = -43. What is the greatest common factor of n and h?
19
Let y be 10430/447*54/15. What is the highest common factor of y and 483?
21
Let s be 123/6 + 2/(-4). Suppose m - 1 = -3*r, -s = -4*m - 5*r + 5. Let w be 58/m - 4/(-20). What is the highest common divisor of 18 and w?
6
Let d = 3109 + -2209. Suppose 5*o - 927 = t + 195, 2*t + d = 4*o. What is the greatest common factor of 32 and o?
32
Let h(i) = 15*i**2 - 9*i - 1. Let s be h(1). Suppose -105 = -5*y - 3*o, -2*o + 82 = -y + s*y. Calculate the highest common factor of y and 192.
6
Let o be 92/552 - (3 - 4038/3)/6. Calculate the highest common factor of 294 and o.
14
Suppose 4*m - 233 = -213. Suppose -4*i + 941 = 5*o, 2*o + 0*i = -4*i + 386. What is the highest common factor of m and o?
5
Let j be (7 + -4)/(-1 - 105/(-104)). Suppose 3*l + 8*v = 3*v + 154, 5*l - 5*v = 230. What is the greatest common divisor of j and l?
24
Let b = 4972 - 4812. What is the greatest common divisor of 1960 and b?
40
Let w = 271 + 25. Let l = w + -250. What is the greatest common divisor of l and 368?
46
Suppose 228 = 4*r - 60. Let g be (-1 + -43)*126/r. Let b be (-245)/g - (-2)/(-11). What is the greatest common divisor of b and 2?
1
Suppose -76*f = -79939 - 1761. Calculate the highest common divisor of f and 25.
25
Suppose -2*z + 244 = 2*z. Suppose z = 3*s - 20. Suppose 0 = 7*v - 4*v - s. What is the greatest common factor of v and 72?
9
Suppose 0 = -7*p + 10*p - x - 4, 4*x - 18 = -5*p. Let n be 2/(-3)*(2/(-4) + 2). Let b be (-6*5)/3*n. What is the greatest common divisor of p and b?
2
Suppose 15 = 5*y, -2769*u + 2767*u = 2*y - 56. Let n be (50/3)/(1/3). What is the highest common divisor of n and u?
25
Let c = -40690 + 42527. Calculate the greatest common factor of c and 495.
11
Let v = 3534 - 3303. Calculate the highest common factor of 176 and v.
11
Suppose -2*v = 4*t + 3*v - 10753, -12 = 4*v. Let n = t + -1423. What is the greatest common factor of n and 27?
27
Suppose 10*i - 5*f = 5*i + 1275, -i = -4*f - 264. Calculate the greatest common factor of 90 and i.
18
Let s(p) = -p**3 - 26*p**2 - 45*p + 79. Let x = 909 + -933. Let m be s(x). Calculate the highest common factor of 133 and m.
7
Suppose 4*b - 5*a - 10 = 0, 2*b + 10*a - 20 = 5*a. Let s be -2 + 153/b - 45/75. What is the greatest common divisor of 196 and s?
28
Suppose -q + 15669 = 5*i, 7985 + 7692 = 5*i + 3*q. Calculate the highest common factor of 26 and i.
13
Let q(d) = 16*d + 148. Let n(y) = y + 2. Let f(r) = 24*n(r) - q(r). Let x be f(13). Calculate the highest common factor of 18 and x.
2
Let r = 102 + -102. Suppose -2*w - 2*w + 67 = 3*g, w + 2*g - 18 = r. What is the highest common divisor of w and 424?
8
Suppose -20 - 230 = -q. Let y be 5*15 - (-6 + 9). Let u be 3/4 + (-6)/y*-1191. Calculate the greatest common factor of q and u.
50
Let w(c) = 18*c**2 - 8*c + 499. Let k be w(-17). What is the greatest common divisor of 52 and k?
13
Let t = -17 - 